 - 12. Let n be (-1)/(2/34*1). Let q be u(n). Is (48329/q)/((1/4)/1) a composite number?
False
Let i(f) = 132*f**2 - 15*f + 202. Is i(15) prime?
False
Suppose 15*h + 26*h = 284089. Let p = h + 68. Is p a prime number?
True
Let j(z) = -4*z**3 - 20*z**2 - 22*z - 1. Let o(b) = 8*b**3 + 42*b**2 + 45*b + 2. Let t(p) = 13*j(p) + 6*o(p). Is t(-12) a composite number?
True
Suppose 5*d + 23 = -4*f, 2*f - d + 18 - 3 = 0. Let b(w) = -3*w**3 + 4*w**2 - 7*w + 11. Is b(f) a composite number?
True
Suppose -5814365 = -185*b + 645650. Is b a prime number?
True
Let l(y) = -174*y**3 + 10*y**2 - 14*y - 32. Is l(-7) prime?
False
Let d = -123093 - -207514. Is d composite?
False
Let s be 2/(-4)*-4 - (9 - 10). Let i(n) = 9*n**3 - n**2 + 6*n + 7. Is i(s) a composite number?
True
Let r = -34 + 38. Is (1766/r)/((-2)/(-16)*2) a prime number?
False
Suppose -5*f + 3*h + 942290 = 0, 942300 = -195*f + 200*f - 5*h. Is f a composite number?
True
Suppose -63*n + 2702098 = -216503. Is n a prime number?
True
Let d(v) = -3*v**2 + 25 + 5 - 8*v**3 + 11 - 28 + v. Suppose -2*z = 2*c + 14, c = -3*z + z - 11. Is d(z) a composite number?
True
Let l(g) = 16*g**3 + 6*g**2 - g + 4. Let d be l(4). Let h = -113 + d. Is h a composite number?
True
Suppose 0 = 4*o + m - 700848, -m + 116946 = 3*o - 408691. Is o a prime number?
True
Let n = 7112 + -4313. Let z = 5967 + n. Suppose -3*x + 2*b + 3758 = -5005, -b - z = -3*x. Is x a prime number?
False
Let p(h) = 334834*h - 91. Is p(2) a prime number?
True
Suppose -2*b + 474 + 182 = 0. Suppose 41*f - 12950 = -9*f. Let l = b + f. Is l a prime number?
True
Is (-3 - -5)*111/(-148)*(-3676)/6 a prime number?
True
Let m = -178 - -190. Suppose -3*x = -3*f - 0*x + 39, 3*f - 79 = -5*x. Is 11758/f + m/(-54) a composite number?
False
Let v be ((-3)/2)/((-562)/140 + 4). Let f = v - 82. Suppose 2226 = 3*x + 3*q, -5*q = f - 8. Is x a composite number?
True
Let g(j) = -55683*j**3 - 9*j**2 + 21*j + 41. Is g(-2) a composite number?
False
Let r = 731128 + -491927. Is r prime?
True
Suppose -2*s = 4*v - 2324, 18*v = s + 13*v - 1155. Suppose -1161*q = -s*q - 1151. Is q a prime number?
True
Suppose 23*b - 26320480 = -31*b + 22*b. Is b composite?
True
Suppose 29608 = 4*d + 4*o, 0 = -4*d - 5*o + 21144 + 8469. Let q = -4623 + d. Suppose -401 = -5*z + q. Is z prime?
False
Let j(p) = -8 + 1 + 1365*p**2 + 6*p - 1359*p**2. Is j(-11) a composite number?
False
Let i(t) = 103*t**2 - 2*t + 1. Let m = 49 - 52. Let w be i(m). Let n = w + -523. Is n a prime number?
False
Let g(n) be the second derivative of -n**4/12 - 26*n**3/3 - 11*n**2 + 18*n. Let u(f) = -f. Let v(c) = -g(c) + 4*u(c). Is v(21) composite?
False
Let g(j) = -2*j - 167*j**2 + 166*j**2 - 14*j + 41. Let v be g(-18). Is v + -3 - -1*411 prime?
False
Suppose 38*g = 2*g - 12*g + 1926384. Is g composite?
True
Suppose 11*j = z + 6*j - 11642, -23209 = -2*z - 5*j. Is z composite?
False
Suppose 113*v + 11149275 - 12694146 = 19567936. Is v composite?
True
Suppose 0 = -y + 2*h + 5 + 13, 0 = 5*y + 4*h - 20. Suppose -264305 + 758041 = y*a. Is a prime?
True
Is (-2*(-705263)/4)/((-555)/74 + 8) a composite number?
True
Let a = 132772 - 53321. Is a prime?
True
Let u be (9/(-3))/(24/(-15) + 1). Let j(d) = 137*d - 36. Is j(u) composite?
True
Let m(o) = 2*o**3 - 3*o**2 + o - 6. Let s be m(0). Is 4320 - (s + 2) - (-4 - -7) composite?
True
Is (-7)/(-63) - 711620/(-9) composite?
True
Let m(n) = 5*n + 2. Let c be m(-1). Let q be (c/(-2))/((-19)/38). Let v(f) = 18*f**2 + 1. Is v(q) prime?
True
Let o = -228 + 240. Is -1 - 4/(-2) - (-14592)/o a prime number?
True
Suppose 0 = -3*t + t + 4. Suppose -r = 4*o - 219, -t*r = o + o - 444. Suppose 5*a - 385 = 2*x, 187 = 5*a + 3*x - r. Is a a composite number?
False
Is -13 + 0/14 + 2424 composite?
False
Let l be ((-8 - -4) + 50/8)*-40. Let c be 16974/(-10) + (-36)/l. Let x = 3320 + c. Is x prime?
False
Suppose -16684039 + 135995121 + 12437474 = 332*o. Is o composite?
False
Suppose 0 = -228*u + 15673714 - 1898182. Is u composite?
True
Let u be -11518*(0 - -1)/(6 + -8). Suppose 2*g = -2*b + b + u, 5*g = -5*b + 14390. Is g composite?
True
Let b = -474 + 479. Let d(w) = -16*w + 157. Is d(b) prime?
False
Suppose 239145 = 3*x + 2*v, -22256 = 4*x + 3*v - 341114. Is x a prime number?
False
Let w(p) = 24 - 23*p**3 - 20*p**3 + 44*p**3 + 17 + 40*p + 32*p**2. Is w(-30) composite?
False
Let q = 37 + -37. Suppose 3*p + 2*k - 8263 = -2*k, q = 4*k + 20. Is p a composite number?
True
Let h(d) be the second derivative of -465*d**3/2 + d**2 + 2*d. Let x be ((-1 + 37)/9)/(-4*1). Is h(x) a prime number?
False
Let d be (9/(-5) - -1)/((-84)/18690). Let c = d + -111. Is c a prime number?
True
Let m be 9/((-9)/(-4)) + (-3 - -43). Suppose 48*b = m*b + 4. Is ((-1352)/(-6) + b)/(6/18) a composite number?
True
Let h be 196/(-49) - 1499*1. Let x = -166 - h. Is x a prime number?
False
Let u(y) = -y**3 + 253*y**2 - 12*y - 1409. Is u(109) a prime number?
False
Let i = -1550 - -1078. Let q = -1908 + 549. Let b = i - q. Is b prime?
True
Let p(v) = 1428*v + 47. Let w = -19 - -21. Is p(w) composite?
False
Let x = -214336 + 304497. Is x a composite number?
True
Suppose 369*j = 483*j - 45179454. Is j prime?
True
Let j(o) = 3*o - 8*o**2 - 31 + 2*o**3 - 3*o - 2*o + 4*o - o. Is j(8) composite?
True
Let y(z) = -14831*z - 2 + 14831*z - 1973*z**3 + 2*z**2. Is y(-1) a composite number?
False
Let t = 145970 - -52925. Is t composite?
True
Suppose -13*u - 6*u = -19. Is 9706/8 - (-4 + u)/(-12) a prime number?
True
Let s(o) = 37*o**2 - 4*o + 8. Let n be s(-17). Suppose 37*m - n = 26*m. Is m composite?
True
Let j = 18839 + 7664. Is j a prime number?
False
Let s = -160667 + 356209. Is s prime?
False
Let o(v) = -142*v**2 - 5*v - 16. Let m be o(-7). Let s = -4312 - m. Is s prime?
False
Suppose 0 = 3*a - w - 20, 3*w = -3*a. Suppose 3*n = -7 - a, -12056 = -4*o - 5*n. Is o a prime number?
True
Suppose 18*x - 8*x = 7*x + 104853. Is x a composite number?
True
Suppose -50*a + 43*a = -28. Suppose 3*r = a*i + i + 8593, 0 = -3*r + 2*i + 8587. Is r a prime number?
True
Let o = -310305 + 678578. Is o a composite number?
False
Let y(c) = c**3 + 31*c**2 + 30*c - 42. Let x be y(-30). Let l(u) = 10*u**2 + 36*u + 127. Is l(x) composite?
True
Let x(q) = -q. Let u be x(6). Let z = -10 + u. Let l = z - -165. Is l composite?
False
Let g be (-11)/(77/6)*(-14)/4. Suppose -4*d = -5*r + 239, 0 = 5*r + g*d - 32 - 200. Suppose r*y - 52*y = -485. Is y a prime number?
True
Is 921963 - (-15)/((-120)/32) a prime number?
True
Is 757194/(14 - 8)*(-1 - 10/(-5)) prime?
True
Let k(u) = -2*u**2 - 9*u - 6. Let r be k(-5). Let l be (r/(-2))/((-2)/(-4) - 0). Suppose -x - l*x + 23748 = 0. Is x a prime number?
True
Suppose 0 = -y - 2*r - 66, 0 = -8*r + 3*r + 5. Let u = y - -58. Is (4 + 45/u)*-508 prime?
False
Suppose -19*y + 21*y - 52304 = -2*w, -4*w = 12*y - 313864. Is y a prime number?
False
Suppose -5*w + 24*a = 23*a - 265729, 0 = -15*w + a + 797189. Is w a composite number?
True
Suppose 346360 = 4*x - 3*v - 1333983, x - 420098 = -v. Is x prime?
False
Let q(a) = 50*a - 157. Let y be q(4). Suppose -398456 = 35*b - y*b. Is b a composite number?
False
Suppose 18 = -4*t - 3*n, 12*t = 10*t - 3*n - 6. Let z(a) = 128*a**2 + a + 11. Is z(t) a composite number?
True
Let o be (2/(-6))/(31/465) - 7. Is (-5)/((-14067)/11244 - 15/o) composite?
True
Suppose -62*g - 4524 + 696 = 25*g. Let s(o) = 10*o**3 + 2*o**2 - 1. Let b be s(1). Is b/g - (-5693)/4 prime?
True
Let c be -6*11/((-66)/20). Suppose 3*z + 2*z - c = 0. Suppose 9*f - 6*f - 504 = 5*q, -z*q = -4*f + 664. Is f composite?
False
Is (-17218*10/12)/(5/(-15)) composite?
True
Suppose -4*n + 3*n - 4*j - 77 = 0, 5*j = -5*n - 415. Let f = 1242 + n. Is f prime?
False
Suppose -5*l + 4*a + 2331 = 0, -4*a - 32 = -36. Is l composite?
False
Suppose -91*h = -735633 - 4242886. Is h prime?
True
Let l = 19185 - 18104. Let g(b) = b**3 + 6*b**2 + 2*b - 3. Let v be g(-5). Suppose 11*j = v*j - l. Is j a prime number?
False
Suppose 38 = -29*h + 154. Suppose 4*c + h*t - 109408 = 0, 3*c = -5*t + 43197 + 38865. Is c a prime number?
False
Let d(q) = -1092*q**2 + 3*q. Let z be d(1). Let a = z - -1574. Is a a composite number?
True
Suppose 4*z - 35143 = -3*d, 4*d = 2*z + 4217 - 21827. Is z prime?
False
Let o(t) = -t + 174. Suppose -167 = 8*s - 127. Is o(s) prime?
True
Suppose 1160*